{"version":"1.0","type":"rich","width":"560px","height":"140px","title":"Treffen vom Netzwerk f\u00fcr inklusive politische Bildung (NipB) am 28.04.2023 - Letzte Vorbereitungen f\u00fcr den 5. Mai 2022: Europ\u00e4ischer Protesttag zur Gleichstellung von Menschen mit Behinderung","url":"https:\/\/nipb-sachsen.de\/uncategorized\/treffen-vom-netzwerk-fuer-inklusive-politische-bildung-nipb-am-28-04-2023\/","author_name":"reden; nur mit uns! - Experten in eigener Sache","author_url":"https:\/\/nipb-sachsen.de","thumbnail_url":"https:\/\/nipb-sachsen.de\/wp-content\/uploads\/Podcast_Experten\/28_4_2022-NipB-Protesttag.png","html":"<iframe width=\"560px\" height=\"140px\" src=\"https:\/\/nipb-sachsen.de\/uncategorized\/treffen-vom-netzwerk-fuer-inklusive-politische-bildung-nipb-am-28-04-2023\/?standalonePlayer\"><\/iframe>"}

Treffen vom Netzwerk für inklusive politische Bildung (NipB) am 28.04.2023 - Letzte Vorbereitungen für den 5. Mai 2022: Europäischer Protesttag zur Gleichstellung von Menschen mit Behinderung
